{"id":2680,"date":"2022-06-10T09:26:48","date_gmt":"2022-06-10T09:26:48","guid":{"rendered":"https:\/\/ariagroup.io\/aria-staging-2\/?page_id=2680"},"modified":"2022-11-10T10:35:40","modified_gmt":"2022-11-10T10:35:40","slug":"aria-for-insurance","status":"publish","type":"page","link":"https:\/\/ariagroup.io\/aria-staging-2\/aria-for-insurance\/","title":{"rendered":"ARIA for insurance"},"content":{"rendered":"","protected":false},"excerpt":{"rendered":"","protected":false},"author":9,"featured_media":2476,"parent":0,"menu_order":0,"comment_status":"closed","ping_status":"closed","template":"","meta":{"content-type":"","inline_featured_image":false,"footnotes":""},"class_list":["post-2680","page","type-page","status-publish","has-post-thumbnail","hentry"],"yoast_head":"<!-- This site is optimized with the Yoast SEO plugin v26.0 - https:\/\/yoast.com\/wordpress\/plugins\/seo\/ -->\n<title>ARIA for insurance<\/title>\n<meta name=\"description\" content=\"Leader dans le conseil et le courtage en assurances au Maroc. ARIA se place en tant que partenaire du succ\u00e8s des acteurs du secteur de l\u2019assurance.\" \/>\n<meta name=\"robots\" content=\"index, follow, max-snippet:-1, max-image-preview:large, max-video-preview:-1\" \/>\n<link rel=\"canonical\" href=\"https:\/\/ariagroup.io\/aria-for-insurance\/\" \/>\n<meta property=\"og:locale\" content=\"en_US\" \/>\n<meta property=\"og:type\" content=\"article\" \/>\n<meta property=\"og:title\" content=\"ARIA for insurance\" \/>\n<meta property=\"og:description\" content=\"Leader dans le conseil et le courtage en assurances au Maroc. ARIA se place en tant que partenaire du succ\u00e8s des acteurs du secteur de l\u2019assurance.\" \/>\n<meta property=\"og:url\" content=\"https:\/\/ariagroup.io\/aria-for-insurance\/\" \/>\n<meta property=\"og:site_name\" content=\"Aria Group\" \/>\n<meta property=\"article:modified_time\" content=\"2022-11-10T10:35:40+00:00\" \/>\n<meta property=\"og:image\" content=\"https:\/\/ariagroup.io\/wp-content\/uploads\/2022\/04\/aria-sales-1.jpg\" \/>\n\t<meta property=\"og:image:width\" content=\"1200\" \/>\n\t<meta property=\"og:image:height\" content=\"842\" \/>\n\t<meta property=\"og:image:type\" content=\"image\/jpeg\" \/>\n<meta name=\"twitter:card\" content=\"summary_large_image\" \/>\n<script type=\"application\/ld+json\" class=\"yoast-schema-graph\">{\"@context\":\"https:\/\/schema.org\",\"@graph\":[{\"@type\":\"WebPage\",\"@id\":\"https:\/\/ariagroup.io\/aria-for-insurance\/\",\"url\":\"https:\/\/ariagroup.io\/aria-for-insurance\/\",\"name\":\"ARIA for insurance\",\"isPartOf\":{\"@id\":\"https:\/\/ariagroup.io\/#website\"},\"primaryImageOfPage\":{\"@id\":\"https:\/\/ariagroup.io\/aria-for-insurance\/#primaryimage\"},\"image\":{\"@id\":\"https:\/\/ariagroup.io\/aria-for-insurance\/#primaryimage\"},\"thumbnailUrl\":\"https:\/\/ariagroup.io\/aria-staging-2\/wp-content\/uploads\/2022\/04\/aria-sales-1.jpg\",\"datePublished\":\"2022-06-10T09:26:48+00:00\",\"dateModified\":\"2022-11-10T10:35:40+00:00\",\"description\":\"Leader dans le conseil et le courtage en assurances au Maroc. ARIA se place en tant que partenaire du succ\u00e8s des acteurs du secteur de l\u2019assurance.\",\"breadcrumb\":{\"@id\":\"https:\/\/ariagroup.io\/aria-for-insurance\/#breadcrumb\"},\"inLanguage\":\"en-US\",\"potentialAction\":[{\"@type\":\"ReadAction\",\"target\":[\"https:\/\/ariagroup.io\/aria-for-insurance\/\"]}]},{\"@type\":\"ImageObject\",\"inLanguage\":\"en-US\",\"@id\":\"https:\/\/ariagroup.io\/aria-for-insurance\/#primaryimage\",\"url\":\"https:\/\/ariagroup.io\/aria-staging-2\/wp-content\/uploads\/2022\/04\/aria-sales-1.jpg\",\"contentUrl\":\"https:\/\/ariagroup.io\/aria-staging-2\/wp-content\/uploads\/2022\/04\/aria-sales-1.jpg\",\"width\":1200,\"height\":842,\"caption\":\"r\u00e9sultats sur un t\u00e9l\u00e9phone\"},{\"@type\":\"BreadcrumbList\",\"@id\":\"https:\/\/ariagroup.io\/aria-for-insurance\/#breadcrumb\",\"itemListElement\":[{\"@type\":\"ListItem\",\"position\":1,\"name\":\"Home\",\"item\":\"https:\/\/ariagroup.io\/\"},{\"@type\":\"ListItem\",\"position\":2,\"name\":\"ARIA for insurance\"}]},{\"@type\":\"WebSite\",\"@id\":\"https:\/\/ariagroup.io\/#website\",\"url\":\"https:\/\/ariagroup.io\/\",\"name\":\"Aria Group\",\"description\":\"Committed to perform\",\"potentialAction\":[{\"@type\":\"SearchAction\",\"target\":{\"@type\":\"EntryPoint\",\"urlTemplate\":\"https:\/\/ariagroup.io\/?s={search_term_string}\"},\"query-input\":{\"@type\":\"PropertyValueSpecification\",\"valueRequired\":true,\"valueName\":\"search_term_string\"}}],\"inLanguage\":\"en-US\"}]}<\/script>\n<!-- \/ Yoast SEO plugin. -->","yoast_head_json":{"title":"ARIA for insurance","description":"Leader dans le conseil et le courtage en assurances au Maroc. ARIA se place en tant que partenaire du succ\u00e8s des acteurs du secteur de l\u2019assurance.","robots":{"index":"index","follow":"follow","max-snippet":"max-snippet:-1","max-image-preview":"max-image-preview:large","max-video-preview":"max-video-preview:-1"},"canonical":"https:\/\/ariagroup.io\/aria-for-insurance\/","og_locale":"en_US","og_type":"article","og_title":"ARIA for insurance","og_description":"Leader dans le conseil et le courtage en assurances au Maroc. ARIA se place en tant que partenaire du succ\u00e8s des acteurs du secteur de l\u2019assurance.","og_url":"https:\/\/ariagroup.io\/aria-for-insurance\/","og_site_name":"Aria Group","article_modified_time":"2022-11-10T10:35:40+00:00","og_image":[{"width":1200,"height":842,"url":"https:\/\/ariagroup.io\/wp-content\/uploads\/2022\/04\/aria-sales-1.jpg","type":"image\/jpeg"}],"twitter_card":"summary_large_image","schema":{"@context":"https:\/\/schema.org","@graph":[{"@type":"WebPage","@id":"https:\/\/ariagroup.io\/aria-for-insurance\/","url":"https:\/\/ariagroup.io\/aria-for-insurance\/","name":"ARIA for insurance","isPartOf":{"@id":"https:\/\/ariagroup.io\/#website"},"primaryImageOfPage":{"@id":"https:\/\/ariagroup.io\/aria-for-insurance\/#primaryimage"},"image":{"@id":"https:\/\/ariagroup.io\/aria-for-insurance\/#primaryimage"},"thumbnailUrl":"https:\/\/ariagroup.io\/aria-staging-2\/wp-content\/uploads\/2022\/04\/aria-sales-1.jpg","datePublished":"2022-06-10T09:26:48+00:00","dateModified":"2022-11-10T10:35:40+00:00","description":"Leader dans le conseil et le courtage en assurances au Maroc. ARIA se place en tant que partenaire du succ\u00e8s des acteurs du secteur de l\u2019assurance.","breadcrumb":{"@id":"https:\/\/ariagroup.io\/aria-for-insurance\/#breadcrumb"},"inLanguage":"en-US","potentialAction":[{"@type":"ReadAction","target":["https:\/\/ariagroup.io\/aria-for-insurance\/"]}]},{"@type":"ImageObject","inLanguage":"en-US","@id":"https:\/\/ariagroup.io\/aria-for-insurance\/#primaryimage","url":"https:\/\/ariagroup.io\/aria-staging-2\/wp-content\/uploads\/2022\/04\/aria-sales-1.jpg","contentUrl":"https:\/\/ariagroup.io\/aria-staging-2\/wp-content\/uploads\/2022\/04\/aria-sales-1.jpg","width":1200,"height":842,"caption":"r\u00e9sultats sur un t\u00e9l\u00e9phone"},{"@type":"BreadcrumbList","@id":"https:\/\/ariagroup.io\/aria-for-insurance\/#breadcrumb","itemListElement":[{"@type":"ListItem","position":1,"name":"Home","item":"https:\/\/ariagroup.io\/"},{"@type":"ListItem","position":2,"name":"ARIA for insurance"}]},{"@type":"WebSite","@id":"https:\/\/ariagroup.io\/#website","url":"https:\/\/ariagroup.io\/","name":"Aria Group","description":"Committed to perform","potentialAction":[{"@type":"SearchAction","target":{"@type":"EntryPoint","urlTemplate":"https:\/\/ariagroup.io\/?s={search_term_string}"},"query-input":{"@type":"PropertyValueSpecification","valueRequired":true,"valueName":"search_term_string"}}],"inLanguage":"en-US"}]}},"_links":{"self":[{"href":"https:\/\/ariagroup.io\/aria-staging-2\/wp-json\/wp\/v2\/pages\/2680","targetHints":{"allow":["GET"]}}],"collection":[{"href":"https:\/\/ariagroup.io\/aria-staging-2\/wp-json\/wp\/v2\/pages"}],"about":[{"href":"https:\/\/ariagroup.io\/aria-staging-2\/wp-json\/wp\/v2\/types\/page"}],"author":[{"embeddable":true,"href":"https:\/\/ariagroup.io\/aria-staging-2\/wp-json\/wp\/v2\/users\/9"}],"replies":[{"embeddable":true,"href":"https:\/\/ariagroup.io\/aria-staging-2\/wp-json\/wp\/v2\/comments?post=2680"}],"version-history":[{"count":1,"href":"https:\/\/ariagroup.io\/aria-staging-2\/wp-json\/wp\/v2\/pages\/2680\/revisions"}],"predecessor-version":[{"id":2685,"href":"https:\/\/ariagroup.io\/aria-staging-2\/wp-json\/wp\/v2\/pages\/2680\/revisions\/2685"}],"wp:featuredmedia":[{"embeddable":true,"href":"https:\/\/ariagroup.io\/aria-staging-2\/wp-json\/wp\/v2\/media\/2476"}],"wp:attachment":[{"href":"https:\/\/ariagroup.io\/aria-staging-2\/wp-json\/wp\/v2\/media?parent=2680"}],"curies":[{"name":"wp","href":"https:\/\/api.w.org\/{rel}","templated":true}]}}